 2, 10*n - 28 = 12*n + 4*j. What is x(n)?
-6
Let i(q) = -3*q**2 + 32*q - 14 + 42 - 18 + 3*q**3 - 37*q - 13. Determine i(-1).
-4
Let w = 11 + -6. Suppose -h + 2 = -0*h + w*a, -3*a = -3*h + 6. Let b(z) = -3 + 1 + 3 + 11*z**2 - 2*z - 3*z**h. What is b(1)?
7
Let c(g) = 47*g - 1. Let v(u) = -12*u - 144. Let q be v(-23). Let p = 133 - q. What is c(p)?
46
Suppose -i = 25*i - 12*i. Let u(b) = -11*b - 1. What is u(i)?
-1
Let h(n) = -n**2 - 8*n - 2. Let q(f) = -26*f - 68. Let c be q(-4). Suppose -c*k - 126 = -22*k. What is h(k)?
-11
Let a(z) = -z**3 + 9*z**2 - 13*z + 9. Let l(r) = 2*r - 14. Let u be l(7). Suppose u = -3*g - 14*g + 136. Calculate a(g).
-31
Let l(j) be the second derivative of j**3/6 + j**2/2 + 3*j. Let a be (-228)/108 + -8 + (-2)/(-18). Let u be (-4)/(-1) - -15*a/25. Calculate l(u).
-1
Let x(u) = u + 21. Let q be x(-12). Let f(p) = 9 - q + 2 - p + 0*p. Let g be 3/(-2)*(-8)/6. Give f(g).
0
Let c(d) = -d + 1. Let b be c(3). Let t(i) = 4*i + i + 1 - i**3 + 2*i - 349070*i**2 - 4*i + 349071*i**2. Calculate t(b).
7
Let v(b) = 106*b - 35*b - 39 - 3 + 3*b**2 + 14*b. Give v(-29).
16
Let g(y) = 7*y**2 - 2*y + 1. Let o be (-1 + 36/15)/((-10)/(-50)). Suppose o*d = 6*d + 18. Let z = 19 - d. Give g(z).
6
Let d = 4649 + -4650. Let k(q) = -22*q - 4. What is k(d)?
18
Suppose -186*z - 2028 = -540. Let s(h) = -h**2 - 8*h - 22. Let j(a) = a**2 + 7*a + 23. Let n(b) = -3*j(b) - 4*s(b). What is n(z)?
-5
Let a(f) be the second derivative of f**4/12 + f**3/3 - 13*f**2 - 122*f + 2. Calculate a(4).
-2
Let r(j) = j + 3. Let w(f) = f + 4. Let u(v) = -3*r(v) + 2*w(v). Let k be 4 + 973/(-4) + 1/4. Let s = k + 245. Give u(s).
-7
Let f = 227 + -220. Let l(q) = 6*q**3 - 3 + 8 + 1 + 3*q - f*q**3 - 3*q**2. Calculate l(-4).
10
Let f(z) be the third derivative of -1/40*z**5 + 0*z + 4/3*z**3 - 5*z**2 - 7/24*z**4 + 0. Let n(q) be the first derivative of f(q). Calculate n(-6).
11
Let c(a) = 25*a**3 - 3*a**2 + 4*a - 2. Let h be c(2). Suppose 4*d + h - 198 = 0. Let n(v) = 3*v**2 + d - 2*v**2 - 61*v - 3 + 60*v. Calculate n(4).
10
Let y(c) = 4*c - 30 + 2*c - 4*c + 31 - 4*c. Suppose 2*u = -3*u + 15. Suppose -2*h + 5*w = 37 - 11, -4*h = u*w. Determine y(h).
7
Let n be (-8106)/1930 - 48/10. Let k(s) = 5*s + 15. Give k(n).
-30
Let g(k) = k - 2*k - 9800 + 4899 + 4896. Suppose 4*a - 3*a = 5*p + 5, a + p + 7 = 0. Give g(a).
0
Suppose 2*k + 6*y - 10*y - 12 = 0, -2*y - 2 = 0. Let z(j) = -j**2 + j. Let s(u) = -4*u**2 + 7*u. Let q(d) = -s(d) + 2*z(d). Calculate q(k).
12
Let n(p) be the third derivative of -2*p**2 - 1/6*p**3 - 1/30*p**5 + 0 + 7/24*p**4 + 13*p. Calculate n(5).
-16
Let h(j) = j**3 + 7*j**2 + 4. Let m be h(-7). Suppose o = -4*f - 39, -6*o + 69 = -m*f - o. Let v(p) = 4*p + 38. Calculate v(f).
-6
Suppose -5*y + 1 = u - 12, -5*y + 1 = -3*u. Suppose 0 = -y*r - 2 + 4. Let b = r + -5. Let d(w) = -w**3 - 3*w**2 + 4*w + 5. Calculate d(b).
5
Let i(c) be the first derivative of c**4/4 + 16*c**3/3 + 19*c**2/2 + 22*c - 4935. What is i(-15)?
-38
Let z(f) = 2*f - 14. Let b = -14139 - -14149. Calculate z(b).
6
Let z(s) be the first derivative of -s**4 + s**3 - s**2/2 + 3*s + 1154. Determine z(3).
-81
Let u be (1008/1440)/(31/10 + -3). Let t(n) = -n - 3. Let f(q) = -q - 3. Let r(x) = -6*f(x) + 7*t(x). Give r(u).
-10
Let n(t) = -38*t**2 + 4*t + 4. Let w(z) = 11*z**2 - z - 1. Let b(i) = n(i) + 3*w(i). Determine b(2).
-17
Let j = 11 - 8. Let t = 40 + -52. Let d(o) = 10*o**2 + 22*o - 22. Let v(g) = 4*g**2 + 9*g - 9. Let u(q) = t*v(q) + 5*d(q). What is u(j)?
22
Let u(a) = 3*a**2 + a + 7. Let y(f) = 38. Let z(o) = -47. Let v(l) = 5*y(l) + 4*z(l). Let s(k) = u(k) - v(k). What is s(-4)?
49
Let x(m) be the third derivative of 7*m**4/24 - 71*m**3/3 - 1123*m**2. Calculate x(21).
5
Let r(x) be the third derivative of 16/3*x**3 - 1/24*x**4 + 0*x + 0 - 12*x**2 + 1/24*x**5. Let s(t) be the first derivative of r(t). Calculate s(-1).
-6
Let x(p) = -p**3 + 3*p**2 + p + 8. Suppose 4*l - 4 = -d, -4*d - 5 = l - 21. Determine x(d).
-4
Let w(y) = -6*y**2 + 20*y + 22. Let n(f) = 2*f**2 - 7*f - 8. Let h(t) = 17*n(t) + 6*w(t). Let x = 37 + -19. Suppose 0 = 3*b + 9 - x. Calculate h(b).
-19
Let t(c) = -7*c**2 + 75*c + 1. Suppose 931*s - 927*s = 3*i - 21, -i + 2*s + 5 = 0. Determine t(i).
-21
Let j = -3175 + 3172. Let c(z) = z**2 + 5*z + 2. Calculate c(j).
-4
Let k(a) be the first derivative of 3*a**2/2 + 36*a - 9124. Calculate k(-17).
-15
Let h be (16/(-3))/((-6)/1539*3). Let k be h/45 + 18/(-135). Let c(n) = -n - 2. Calculate c(k).
-12
Let x(o) = 10*o + 22. Let j(w) = -w**2 - 87*w + 1074. Let n be j(-98). Determine x(n).
-18
Let b be ((-12)/(-9) + -1)/(3/63). Suppose -4*g + 66 = -5*v, 3*v + 43 = 6*g - b*g. Let n be (v/(-49) - 2/7)*-1. Let c(a) = -a + 4. Give c(n).
4
Let x(r) = -14*r**2 + 7*r + 623. Let q(a) = 5*a**2 - 2*a - 220. Let b(v) = -17*q(v) - 6*x(v). Let w = -4 + 0. Give b(w).
18
Let x(k) = 32*k - 1. Let h(n) = 26*n. Let d(w) = 6*h(w) - 5*x(w). Give d(6).
-19
Let b(g) = -20*g - 109. Let f(x) = -652*x + 4558. Let h be f(7). What is b(h)?
11
Let p(i) be the first derivative of i**3/3 + 9*i**2/2 + 32*i - 90. Let f be p(-4). Let m(j) = j - 13. Determine m(f).
-1
Let i(q) = 424*q**3 - 423*q**3 - 229*q**2 - 5*q + 221*q**2 - 14. Calculate i(9).
22
Let v = -709 + 1527. Let w(o) = 1632*o + 4 - v*o - o**2 - 815*o. What is w(3)?
-8
Let f be -6*6 + 10 + -11. Let d be (-8)/(-10) + -8*(-115)/(-25). Let a = f - d. Let p(z) = -7*z**2 + z + 1. Determine p(a).
-7
Let r(a) = -2*a - 2. Let m(x) = x + 1. Let z(j) = -3*m(j) - 2*r(j). Let u = -25 + 25. Suppose -h = -4 - u. Give z(h).
5
Suppose i + 2*g = 2, 4 = i - 0*g + 3*g. Let y(f) = 15*f**2 - 2. Calculate y(i).
58
Suppose 70*q - 77*q = -1127. Let o be 6 + q/(-14) - (-2)/(-4). Let m(x) = x + 9. Calculate m(o).
3
Let w(b) = 22*b**2 - 5*b + 27. Let u(y) = 8*y**2 - 2*y + 9. Let j(c) = 17*u(c) - 6*w(c). Let a(z) = -7*z**2 + 8*z + 19. Let v(l) = -3*a(l) - 5*j(l). Give v(6).
0
Suppose 0*w + 26 = 2*w. Let z be (-2010)/(-8) + w/(-52). Let f(o) = 250*o**2 + 3 - 12 + 5*o - z*o**2. Give f(6).
-15
Let x be 32/176 + 163/11. Let q(r) = 12*r - 316*r**2 + 3*r + 315*r**2 - 7. Determine q(x).
-7
Let a(j) be the first derivative of 2*j**3 + j**2 + 2*j - 2890. Calculate a(-1).
6
Let w(p) be the third derivative of 5*p**4/24 - 19*p**3/2 + 1012*p**2. Determine w(13).
8
Suppose 99 = 11*p + 33. Suppose -p*y - 9*y - 135 = 0. Let z(k) = k**3 + 10*k**2 + 10*k + 13. Determine z(y).
4
Let g(a) = -2*a**3 + 7*a**2 + 3*a + 8. Let l be g(4). Let n(o) = 50*o - 113*o - 5 + 57*o - 3*o**2 + l*o**2. Calculate n(7).
2
Let l(u) = u + 12. Let w(p) be the second derivative of 7*p**3/6 - 7*p**2 - 20*p. Let j be w(2). Let k be (j - 1)*(-4 - -4). Determine l(k).
12
Let i be (-28)/6*(-36)/14. Let p(x) = x**3 - 3*x**2 + 5. Let g(l) = 3*l**3 + l**2 - 13*l + 26. Let z(q) = g(q) - 4*p(q). Determine z(i).
-6
Suppose -30 = 33*k + 23 - 20. Let z(a) = 87*a**3 + 2*a**2 - a - 2. Give z(k).
-86
Let a(m) = 6*m**3 - 45*m**2 + 22*m - 17. Let n(l) = 2*l**3 - 23*l**2 + 11*l - 7. Let y(t) = 2*a(t) - 5*n(t). Give y(-13).
-25
Let y(o) = -o**2 + o - 2. Let t(m) be the first derivative of 2*m**2 + 12*m - 4. Suppose -4*n = -5*x - 31, 3*x - 4*x + 5 = 2*n. Let u be t(x). Determine y(u).
-2
Suppose 0 = p - 2 - 1. Suppose -a = o - p, -2*o - a + 6 = 4*a. Let f be o*(0 + (-4)/6). Let g(w) = 3*w. Give g(f).
-6
Let r(t) = -3*t**3 + t**2 - 6*t + 13. Let s(q) = 4*q**3 - 2*q**2 + 7*q - 15. Let a(v) = 6*r(v) + 5*s(v). Give a(-2).
-27
Suppose 0 = 4*n + 5*c - 14 - 43, 0 = 5*c - 25. Let a be ((-9)/54*-18)/(6/n). Let z(i) = -i**3 + 2*i**2 + 5*i + 1. Give z(a).
-11
Let f(k) = -k**2 + 13*k - 10. Let q(b) = 10*b**2 + 25*b + 14. Let p be q(-2). Calculate f(p).
26
Let x(a) = a**3 - 3*a**2 - 4*a - 4. Let m = -86 + 65. Let d be m/(-14)*(8/6 + 2). Suppose -t = -d*p + 1, -t + 2*p - 14 = -4*t. Calculate x(t).
-4
Let f(q) be the first derivative of 0*q + 5/24*q**4 - 13 - 3/2*q**2 - 1/60*q**5 + 1/2*q**3. Let h(l) be the second derivative of f(l). Determine h(6).
-3
Let n(o) = 20*o**2 - 42*o + 8. Let q be n(2). Let g(c) be the third derivative of 1/24*c**q + 0*c - 4*c**2 + 2/3*c**3 + 0. What is g(-10)?
-6
Suppose 54 = -96*z + 102*z. Let g(b) = -b - 12. Let n(y) = -y + 1. Let p(o) = g(o) - 2*n(o). Determine p(z).
-5
Let p(z) be the first derivative of 268 - 9*z + 3/2*z**2. Wh